79. Is o a composite number?
True
Suppose -7587 + 722 = -j. Is j composite?
True
Let p = 3 - -2. Suppose -4*q + 4*b = 112, p*q + b = -2*b - 124. Is 1 - -2 - q*13 a composite number?
True
Suppose 10*k = 59 + 1181. Let p = -218 + 641. Suppose -4*j + 2*j - p = -3*r, -r - 5*j + k = 0. Is r a prime number?
True
Let x = -716 + 4767. Let v = -2736 + x. Is v a composite number?
True
Let n(j) = -j**2 + j - 1. Let k(u) = 3*u**3 - u**2 - 3*u + 4. Let x(i) = k(i) + 2*n(i). Let z be x(4). Let y = -15 + z. Is y composite?
False
Suppose 0 = -4*d + 33 + 107. Let v = d - 20. Suppose -q + o = -30, -4*o = -o - v. Is q a composite number?
True
Let m(k) = -9419*k + 8. Is m(-1) prime?
False
Let j(t) = -11*t**2 + 4*t - 14. Let p(x) = x - 1. Let a(l) = -j(l) - p(l). Is a(7) a prime number?
False
Let g(f) = 14*f**2 + 27*f + 59. Is g(-8) composite?
False
Let z be (-10)/1*(-54)/45. Suppose 3*q + 3*t - z = 0, -2*t = -5*q + 2*t - 16. Let g(a) = -a**3 - 2*a**2 - a + 563. Is g(q) a prime number?
True
Let q be ((-78)/4)/(6/8). Let t = -23 - q. Is t composite?
False
Suppose -21 - 109 = -2*s. Suppose 219 = 3*u - 4*z + z, 2*u - 4*z = 140. Suppose s = g - u. Is g composite?
True
Suppose -4*y + 19600 = 10*x - 7*x, -3*x = 2*y - 9794. Is y prime?
True
Suppose 1309 = 5*q - 7776. Is q composite?
True
Is ((-15)/10)/(168404/42104 + -4) a prime number?
False
Is 982749/45 - (-4)/(-120)*-4 prime?
True
Is 318252/4*(-3)/(-9) a composite number?
True
Is 5*373*(570/(-75) + 11) a prime number?
False
Let b = 28 + -13. Suppose -b*o = -10*o - 4265. Is o a composite number?
False
Let l(o) = o**2 + 13*o - 9. Let m be l(-14). Let y(z) = -2*z - 4*z**2 + 37 - 4*z**3 + 3*z**3 + m*z**2. Is y(0) a prime number?
True
Suppose 6 = 6*u - 0. Is u/9 + (-149464)/(-153) a prime number?
True
Let h = 56 - 23. Is (3470/8)/(h/(-12) + 3) a composite number?
True
Let f(b) = 3*b**3 + 9*b**2 - 14*b - 9. Let z(u) = -7*u**3 - 18*u**2 + 28*u + 19. Let r(s) = 9*f(s) + 4*z(s). Let k be r(6). Is 296/14 - k/133 prime?
False
Let g = -6 + 8. Suppose -12 = 2*t + g*t. Is 98 + (t - (-4 - -2)) a prime number?
True
Let p = -1 - -4. Suppose 5*l + t = 414, -5*l + 412 = -0*l + p*t. Is l a prime number?
True
Let u(j) = -2*j - 14. Let a be u(-8). Suppose 5*i + o + 2*o - 505 = 0, -3*o - 202 = -a*i. Suppose 3*s - 57 = 3*l, 6*s = s + 3*l + i. Is s a composite number?
True
Let x(d) = -d**2 + 31. Let m(b) = -23*b**2 + 2*b + 2. Let c be m(-1). Let n = c - -23. Is x(n) prime?
True
Suppose 6*t = 6 + 12. Is t + (-1228)/12*96/(-4) a prime number?
True
Suppose z + 20 = 4*p - z, 0 = -2*z. Suppose 3*r + 609 + 184 = p*f, 3*f - 503 = -5*r. Suppose -50 = -i + f. Is i a composite number?
False
Let f(m) = 821*m - 94. Is f(9) composite?
True
Is (-1 - -15263)*((-150)/20 - -8) prime?
False
Let r(u) = -6*u**3 + 5*u**2 - 8*u - 10. Let t be r(-5). Let p = t - 406. Is p prime?
True
Let q(s) = -16*s**2 - 4*s - 3. Let z(x) be the first derivative of 32*x**3/3 + 7*x**2/2 + 6*x + 6. Let r(p) = 7*q(p) + 4*z(p). Is r(4) prime?
False
Let k(x) = -568*x + 127. Is k(-7) a composite number?
True
Let q(g) = -g**3 + g**2 + 19*g - 1. Is q(-12) prime?
False
Let s(k) = k - 253. Let y be s(0). Let c = 942 + y. Is c prime?
False
Let n(z) = 4*z**3 - 5*z**2 - 11*z - 13. Is n(9) a composite number?
False
Let y(v) = 2*v**3 - 15*v**2 - 8*v - 23. Is y(22) a composite number?
True
Is 11 + -7 - 15/10*-11226 a prime number?
True
Suppose -11395 = -7*t - 2561. Is t a composite number?
True
Let v(k) = k**3 - k**2 + 4*k - 3. Let t be v(2). Let a = t - 90. Let q = -30 - a. Is q a composite number?
True
Suppose -26 = 2*w - 4. Let j(h) be the third derivative of -h**4/8 - 11*h**3/6 + 50*h**2. Is j(w) prime?
False
Let i(a) = 6 - a - 5 - a**2 - 6*a**3 - a**2 - a. Let r be i(3). Is ((-4)/(-10))/((-1)/r) a composite number?
True
Is -11 + 11 + (-2 - -15075) a composite number?
False
Let m = 761 + 412. Suppose 167 = 4*b - m. Is b composite?
True
Suppose 1 = y - 1. Let b(t) = -t**2 - t + 2. Let p be b(y). Let h(r) = 5*r**2 - 2*r - 5. Is h(p) composite?
False
Let h(l) = 13 - 8*l - 1 - 6*l + 3 - l**2. Let c be h(-15). Suppose c = -q + 1 + 86. Is q a composite number?
True
Suppose 4*o + 36*i = 31*i + 26533, 0 = -4*o - 3*i + 26539. Is o a composite number?
False
Let b(k) = k + 7. Let p be b(-7). Suppose -j - 17 = -p*j. Let g(l) = 2*l**2 + 17*l - 20. Is g(j) composite?
False
Suppose -6*m - 3382 = -50428. Is m composite?
False
Let v(s) = -553*s + 156. Is v(-5) a prime number?
False
Let w(r) = r - 2. Let b be w(6). Suppose -826 = -2*y + b*j, -2651 = -5*y + j - 559. Is y a composite number?
False
Suppose 15729 = 4*y - d, -d = 3*y + d - 11783. Is (-34)/(-153) + y/9 composite?
True
Suppose -8*d = -13*d + 6145. Is 10/(-40) - d/(-4) prime?
True
Let v = 7595 - 4002. Is v prime?
True
Is 35406/10 + (104/20)/13 prime?
True
Let g(l) = 3*l**2 - 5*l + 5. Let x be g(5). Let z be (-4)/(-22) + 2850/x. Suppose -2*r + z = 14. Is r composite?
False
Let u(g) = -6*g + 22. Let r be u(4). Suppose -5*v = 8 + 12. Is v/r + -1 + 18 a prime number?
True
Suppose -3*n = -7*n + 16. Suppose -3*x - 16 = -n*x + 4*p, -5*p - 7 = 2*x. Suppose -x*b + 148 = -2*b. Is b prime?
False
Let i(v) = -v**2 + 7*v + 3. Let h be i(6). Is h*69 - (2 - 4) prime?
False
Suppose -183*f = -188*f + 16115. Is f prime?
False
Let c(s) = -s**2 + 7. Let k be 4/16 - 1/4. Let o be c(k). Is o/(-49) + 6660/21 prime?
True
Let g(r) = 46*r**3 - 6*r**2 - 19. Is g(5) composite?
False
Let g be 4 + -1 - (-1 - -1163). Let o = g - -2702. Is o a composite number?
False
Let o(p) = -2*p**3 - 12*p**2 - 13*p + 14. Is o(-7) a prime number?
False
Suppose 4348 + 6142 = 10*v. Is v composite?
False
Let x = 19 + -17. Let w(o) = -46*o**3 - o**2 + 2*o + 1. Let j(u) = -138*u**3 - 2*u**2 + 7*u + 3. Let s(m) = 2*j(m) - 7*w(m). Is s(x) a prime number?
True
Suppose -4*k = 4*a - 16332, 0*k + 2*k = -5*a + 20412. Suppose 2*c + 2744 = 5*w, 3*c + w + a = -0*w. Let o = 2105 + c. Is o prime?
True
Is (2 + -4)*6905/(-10) prime?
True
Suppose 1394 = -2*i - 3*h, i + 748 - 65 = 2*h. Let f = -356 - i. Suppose 2*g - 134 = 4*b, -5*g - 2*b = 3*b - f. Is g a prime number?
True
Suppose 4*g + 0*k = -4*k + 9432, -3*g + 7075 = 4*k. Suppose -2*x = -77 - g. Is x prime?
True
Suppose 2*p - 3*b = p - 9, p - 5*b = -19. Suppose u = p*u - 7555. Is u composite?
False
Suppose 6*q + 7282 = 8*q. Is q composite?
True
Suppose 0*a - a = 11. Let j(u) be the third derivative of u**5/30 - u**4/12 - u**3/6 - 2*u**2. Is j(a) prime?
True
Suppose -d - 9 = -4*d. Let i = 2 - d. Is (1 + i - 1)*-259 prime?
False
Let h be -1*2 + 3 + 0/7. Suppose 0 = -3*q + q - 4. Is h/q*708/(-6) composite?
False
Suppose 859 + 3173 = 6*f. Suppose -133 = -c - 0*c + v, -5*c = 2*v - f. Is c composite?
True
Let b(f) = 24*f + 757. Is b(-20) a prime number?
True
Is (-377136)/(-30) + 1/(-5) a prime number?
False
Let r(h) = -10*h - 10. Let g be r(-3). Suppose g*d = 15*d + 2465. Is d prime?
False
Suppose 1 = -r, 0 = 128*v - 133*v - 5*r + 63690. Is v composite?
False
Let o(a) = 578*a - 27. Is o(8) composite?
False
Let l be (-2 - (-3)/3)*(-6 - -3). Suppose v = 1, 2*d - l*v - 21 = 738. Is d a prime number?
False
Let z(n) = -36*n - 21 - 19*n + 16 - 7. Is z(-7) prime?
True
Suppose 4*w + 4*n = 538024, 90345 = w - n - 44155. Is w a prime number?
True
Suppose 26*i = 366 + 570. Suppose 4*u = -d - 55 - 46, -u = -3. Let x = i - d. Is x a composite number?
False
Let t(y) = y**3 + 3*y**2 - 5*y - 6. Let i be t(-4). Let q(o) = o**3 - 5*o**2 + 4*o + 4. Let g be q(4). Is (262/g)/(i/(-4)) prime?
True
Let x be ((-7)/(-14))/(2/(-24)). Let o be ((-3)/(-2))/(x/(-12)). Suppose 1529 = o*z - 2*c - 1122, 4*z = 5*c + 3523. Is z a prime number?
True
Let t(a) = -a**3 + 13*a**2 + 3*a + 1. Suppose -2*y - 3*m = -8*m - 10, 4 = -5*y - 2*m. Suppose -40 = -y*u - 4*u. Is t(u) a prime number?
True
Let u(z) = -3*z + 3. Let a be u(-1). Let o(q) = 3*q**3 - 6*q**2 - q - 7. Is o(a) a composite number?
False
Suppose -4*q + 68 = 24. Let m be ((-142)/4)/(q/(-22)). Let v = m - -120. Is v composite?
False
Suppose 12*s - 8*s = 32384. Suppose -s = -5*f + f + 5*b, 4*f - 3*b = 8104. Let o = f + -1200. Is o composite?
False
Suppose -5*g - 62 = -6*g. Suppose -627 + g = -r. Is r prime?
False
Let g(n) = 17*n**3 + 6*n**2 - 16*n + 8. Is g(5) composite?
False
Let k = -509 + 41028. Is k a prime number?
True
Let z(r) = r**3 - 6*r**